 a prime number?
False
Suppose -10*h + 32221 + 332109 = 0. Is h composite?
False
Let d(u) = -14*u**3 + 15*u**2 + 11*u + 19. Is d(-13) a prime number?
False
Suppose -82*k + 20 = 4*h - 86*k, 2*h - 4*k = 16. Let g be 4/(-22) + 575532/66. Suppose -4*y - y + 10905 = 5*a, 0 = 4*y + h*a - g. Is y a composite number?
False
Let m be -1 + 4 + (-3 + 3)/(-6). Suppose -d + m*d = 3558. Is d a composite number?
True
Let i = 81850 + 54555. Is i composite?
True
Suppose -20 = 5*v - 5*m, -5*v + 2*m - 9 = -1. Suppose -7*i + i + 25014 = v. Suppose -i = -7*g + 1340. Is g a composite number?
False
Let b(z) = z**3 - 17*z**2 + 11*z + 20. Let k be b(16). Let j = 78 + k. Is 2/(-4) - (-29799)/j composite?
True
Let q(z) = -14*z + 6865. Let o be q(0). Let a = o + -1286. Is a composite?
True
Let t(w) = 4*w**2 - w + 26. Let b be -1*(6/(-3) + 13). Let y = b - -16. Is t(y) prime?
False
Let a(f) = 40*f**2 + 6*f + 12. Let w be a(14). Let k = -12201 + w. Let y = -2676 - k. Is y a prime number?
False
Suppose 0 = 5*u - 49 - 251. Let w(f) = u + 3*f**2 + f**2 - 45 + 5*f + f. Is w(-7) a prime number?
False
Let l = 269062 - 120903. Is l a composite number?
True
Let u be 3*(-3)/18*-36. Suppose a = 4*a - u. Suppose 0 = -j + a*j + n - 292, 0 = j - 2*n - 54. Is j composite?
True
Let a(j) = -16422*j + 583. Is a(-16) prime?
False
Let b be ((-28)/3)/(272/24 - 12). Is -5 + (-217)/(-49) + 36436/b prime?
False
Let k(h) = -h**2 - 12*h - 24. Let x be k(-9). Is (-7754)/(-2)*(x - 2) a prime number?
True
Let l = 323 + -653. Let f be l + -8*(-2)/(-4). Let g = f + 975. Is g prime?
True
Is 5992623/135 + (-12)/(-3) + (-96)/20 composite?
False
Suppose 4*a - 2*h = 1085440, -7*a - 2*h = -5*a - 542738. Is a a composite number?
False
Suppose 9*p - 27507 = 190914. Is p composite?
True
Suppose 5*q + 15097 = -4*y, -q + 26*y = 27*y + 3019. Let h = 2290 - q. Is h a prime number?
False
Suppose 14 = 7*o - 7. Suppose -o*x = -11*x + 11096. Let y = -50 + x. Is y a prime number?
False
Let b(g) = 23*g**2 + 99*g + 327. Is b(-25) a prime number?
True
Suppose -179*y + 263*y + 33089065 = 199*y. Is y a composite number?
False
Let l(w) = -574*w - 191. Let d = -622 + 599. Is l(d) composite?
True
Let b = 28740 - -61957. Is b composite?
False
Let p(z) = 6 + 4 - z**3 + 5 - 26 - 22*z**2 + 57*z. Is p(-27) a prime number?
False
Suppose 3085 = 5*l + 4*p, 2*l + p - 1234 = -p. Let c = 2515 - l. Let z = -421 + c. Is z prime?
False
Suppose 5*d - 5*b - 10297 = -3*b, -b + 8248 = 4*d. Let a = d - -1818. Let m = a + -2518. Is m a composite number?
False
Let l(i) = -17*i**3 + 36*i**2 - 218*i + 11. Is l(-21) a composite number?
True
Let i = 104 - 89. Suppose -5*w + 2*w + i = 0. Suppose -1633 = w*k - 4*q - 6114, 1794 = 2*k - 2*q. Is k prime?
False
Let d = 140894 - 15885. Is d a prime number?
False
Let v(h) = 66*h**3 - h**2 - 6*h + 10. Let g(m) = 67*m**3 - m**2 - 5*m + 9. Let w(j) = -6*g(j) + 5*v(j). Let q(i) = -11*i + 74. Let z be q(7). Is w(z) composite?
False
Is -1*(3632778/(-6) + -8) a prime number?
True
Let w(j) = j**2 + j - 211. Let n(g) = -5*g**2 - 5*g + 1055. Let t(s) = -2*n(s) - 11*w(s). Let i = -104 + 104. Is t(i) prime?
True
Let z(i) = 4*i + 164. Let y be z(-41). Is (y - -5174)*((-102)/(-12) - 8) prime?
False
Let w be (3010/40)/(146/48 - 3). Let k = 22996 + -15782. Suppose -2*b + 6*b + 2*x = k, b + x - w = 0. Is b a composite number?
False
Suppose -61*v = -144785 - 31145 - 72889. Is v a composite number?
False
Let z be 2/(-15) - (-2)/15. Suppose r = -3*s - 21, 0 = -3*r - z*r - 9. Let c(v) = -v**3 - 7*v**2 - 15*v - 5. Is c(s) composite?
True
Suppose 5*d = d - 20, -4*m - 4*d = 8. Let q = 5 - m. Suppose -7*y - 7214 = -4*b - q*y, 3*b - 4*y = 5411. Is b a composite number?
False
Let i = -28942 + 41295. Is i a composite number?
True
Suppose -2*p + 1675192 = -3*q + 449091, q + 3065246 = 5*p. Is p a prime number?
True
Let a(k) = 2*k**2 - 7*k**2 - 5*k**2 - 2168*k**3 + 9*k**2. Is a(-1) a composite number?
True
Suppose -44*h - 3426780 = -3*h. Let m = 129421 + h. Is m a composite number?
False
Suppose -232*q = -222*q - 20. Is 1 + q + 325188/27 composite?
True
Suppose 10*z = 4*z + 169314. Let t = z + -15192. Is t composite?
True
Let c = 9715 - 29583. Is c/(-6) - (-80)/48 composite?
False
Let j be (1392/(-145))/(4/710). Suppose -4*v = -0*v + 9964. Let h = j - v. Is h a composite number?
False
Let c(m) = 5 + 58*m**2 + 20*m - 15 + 4 - 23 - 18*m. Is c(10) a prime number?
True
Let q be -1 - (-8)/10 - 77/(-35). Is 6 + -7 - (-1 - (919 - q)) a composite number?
True
Let n = 77280 - 13009. Is n prime?
True
Is 7/504*16 + (3083650/9 - -1) prime?
False
Suppose 347970 = 42*h + 42252. Is h a prime number?
False
Let p(g) be the first derivative of 31*g**3 + 3*g**2/2 - 7*g - 3086. Let d be 19/4 + 2/8. Is p(d) a prime number?
True
Let h = -70882 - -113835. Is h prime?
True
Let b(w) = 1791*w**2 - 130*w + 1373. Is b(10) a composite number?
False
Is (-4893479)/(-4) + (-1047)/1396 a composite number?
True
Suppose 0 = -30*a - 1789856 + 7629691 + 2860135. Is a prime?
True
Suppose 34*g - 3359975 = -48*g + 57*g. Is g prime?
True
Let y be (-659)/4*(-9 - -5). Let d(i) = 41*i + 95. Let l be d(3). Let u = y + l. Is u prime?
True
Let h be -4 + 2353 - (10 + -18). Suppose -1186 = -z - 5*f + 8*f, 2*z - 3*f = h. Is z prime?
True
Let v(k) = -82*k + 76. Let x be v(-26). Let o = -569 + x. Is o composite?
True
Let o(x) = 17744*x**2 - 13*x + 252. Is o(10) a prime number?
False
Let i(q) = q. Let o be i(8). Let b be ((-39)/26)/(3/o). Is (1028/(-16))/(1/b) composite?
False
Let s be (-1)/2 - 42/(-12) - -3. Is (s + -7)*(-7694)/6*3 prime?
True
Let u(t) = -140*t**2 + 75*t**2 + 81*t**2 - t**3 - 5*t - 21. Let d be u(14). Let h = d + 240. Is h a prime number?
True
Suppose 0*f + 2844 = -2*f. Let n be (2/(-16))/(93/(-1842888)). Let l = f + n. Is l composite?
True
Suppose 46*n + 2927130 = 41*n. Is ((-5)/(-10))/(n/(-146356) - 4) a prime number?
False
Let s(c) = -c**3 - 2*c**2 + c + 2. Let w be s(5). Let n = 106 + w. Let f = n - -81. Is f prime?
True
Suppose -2863*z + 1356142 = -2822*z - 269385. Is z prime?
False
Let u(i) = 2 + 35 - 107*i + i - 14. Let y be u(-7). Suppose 3*b - 726 = y. Is b prime?
False
Suppose 3*a - 29695 = 8963. Suppose 4*v = -b + a, -21*v + 3213 = -20*v - 4*b. Is v a prime number?
True
Suppose -1270161 = -h + 91*g - 96*g, 2*g + 3810551 = 3*h. Is h a composite number?
True
Let i be (1 + 410361/(-28))*-4. Suppose -10*t + i = t. Is t a prime number?
False
Let c(q) be the third derivative of q**5/2 + 5*q**4/8 + 2*q**3/3 + 513*q**2. Suppose 3*g - 3 = 12. Is c(g) a composite number?
False
Let f(l) = 12*l**2 + 2*l + 3. Let w be f(-2). Suppose 151 = 5*o + 4*d, -4*o + 0*o = d - 112. Let a = o + w. Is a a prime number?
False
Is (-7 + -9126)*(-13)/13 prime?
True
Let n = -457 - -447. Let a(q) = -q**3 + 5*q**2 - 21*q - 53. Is a(n) a prime number?
True
Suppose -4*f - 3849 - 7334 = -s, 5*s - 55847 = 3*f. Suppose -9*p - 4*p = -s. Is p composite?
False
Suppose 5*a - 61 = 2*q - 6*q, -2*q - 7 = -5*a. Suppose 4*v + q - 25 = 0, 3*v = -3*y + 2679. Is y composite?
True
Let i = 58 + -53. Suppose -43371 = -9*b + i*b + n, 10847 = b + 4*n. Is b composite?
True
Let a(f) be the third derivative of 1/2*f**3 - 2777/12*f**4 + 29*f**2 + 0 + 0*f. Is a(-1) a composite number?
False
Let n = -82283 + 169724. Is n a composite number?
True
Suppose 2*o + 4*h - 598310 = 0, 4*o + 61*h - 1196644 = 56*h. Is o a prime number?
True
Let t(a) = -a - 3. Let i(x) = -x - 11. Let z be i(-14). Let v be t(z). Is (6/(-9))/(v/11493) prime?
True
Let d(u) = 5*u**2 + 12*u - 180. Let g be d(12). Is g + (-5)/(-5) - -6 composite?
False
Suppose -117*c = -113*c - 3*p - 54019, 5*c - 2*p - 67529 = 0. Is c a composite number?
True
Let t be 21/(-35) + 63/5. Suppose 2*v - n = v + 510, 3*n - t = 0. Is v/6 - 14/21 a prime number?
False
Let r(i) = -74*i**2 - 16*i - 134. Let h(s) = 15*s**2 + 3*s + 27. Let w(d) = 11*h(d) + 2*r(d). Suppose -10*u = 12*u - 154. Is w(u) a composite number?
True
Let w(l) be the third derivative of 9235*l**4/24 - 7*l**3/3 + 26*l**2. Is w(1) composite?
False
Suppose 2*r + 53711 = y, -2*y + 0*r + 107418 = -3*r. Is 1 + (y/68 - (-1)/4) a composite number?
True
Let h be (-2 - -5)/((-3)/(-429)). Let y(r) = -304*r - 4. Let a be y(-5). Let q = a - h. Is q prime?
True
Suppose 4*y = 0, 4*z + 2*y = z + 634581 + 1699500. Is z a comp